{"id":5221,"date":"2020-05-14T13:42:24","date_gmt":"2020-05-14T11:42:24","guid":{"rendered":"https:\/\/experienciamoderna.com\/nerea-aresti\/"},"modified":"2026-03-05T18:41:56","modified_gmt":"2026-03-05T17:41:56","slug":"nerea-aresti","status":"publish","type":"page","link":"https:\/\/experienciamoderna.com\/en\/about-us\/nerea-aresti\/","title":{"rendered":"Nerea Aresti"},"content":{"rendered":"<p>[et_pb_section fb_built=&#8221;1&#8243; _builder_version=&#8221;4.16&#8243; global_colors_info=&#8221;{}&#8221;][et_pb_row _builder_version=&#8221;4.16&#8243; global_colors_info=&#8221;{}&#8221;][et_pb_column type=&#8221;4_4&#8243; _builder_version=&#8221;4.16&#8243; global_colors_info=&#8221;{}&#8221;][et_pb_text _builder_version=&#8221;4.16&#8243; global_colors_info=&#8221;{}&#8221;]<\/p>\n<h1>Nerea Aresti<\/h1>\n<p>[\/et_pb_text][et_pb_text _builder_version=&#8221;4.27.4&#8243; hover_enabled=&#8221;0&#8243; global_colors_info=&#8221;{}&#8221; sticky_enabled=&#8221;0&#8243;]<\/p>\n<p style=\"text-align: left;\"><img decoding=\"async\" class=\"alignleft\" src=\"https:\/\/experienciamoderna.com\/wp-content\/uploads\/\" \/>With a PhD from the State University of New York and the University of the Basque Country (UPV\/EHU), Nerea Aresti is a professor at the latter specializing in gender history. Her work revolves around the study of identities and the way in which discourses shape the experience of male and female subjects. Worthy of special mention is her pioneering work in historical studies of masculinities in Spain.<\/p>\n<p><\/p>\n<p style=\"text-align: left;\">Aresti began her research career by probing into the ideals of femininity and masculinity in contemporary Spain, and into the sexual reform movement of the 1920s and 1930s. She has then gone on to study the cultural meaning of the body, the category \u2018women\u2019, the construction of sexual difference by Basque nationalism, Spanish masculinity with respect to the crisis of 1898 and Spanish nationalism itself, and the discursive strategies of contemporary feminism. She is currently researching feminist utopias.<\/p>\n<p><\/p>\n<p style=\"text-align: left;\">BOOKS:<\/p>\n<p><\/p>\n<p><strong>\u2022 Masculinidades en tela de juicio. Hombres y g\u00e9nero en el primer tercio del siglo XX (2010)<\/strong><br \/><strong>\u2022 M\u00e9dicos, donjuanes y mujeres modernas. Los ideales de feminidad y masculinidad en el primer tercio del siglo XX (2001)<\/strong><br \/><strong>\u2022 <\/strong>Junto a Karin Peters y Julia Br\u00fcnhe ha editado:<strong> \u00bfLa Espa\u00f1a invertebrada? Masculinidad y naci\u00f3n en los inicios del siglo XX,<\/strong> Comares, 2016, donde colabora con el cap\u00edtulo: \u201cEl langile respetable. Masculinidad, moral y trabajo en el nacionalismo vasco\u201d.<\/p>\n<p><\/p>\n<p>OTHER RECENTS PUBLICATIONS:<\/p>\n<p><\/p>\n<p>\u2022 \u201cUn movimiento de hombres. Masculinidad y pol\u00edtica durante la dictadura de Primo de Rivera\u201d, in Mujeres, g\u00e9nero y naci\u00f3n en la dictadura de Miguel Primo de Rivera (ed. T. Ortega), Madrid, S\u00edlex, 2022, 61-87.<br \/>\u2022 \u201cBeyond Models: The Many Paths to Feminism in Modern Spain\u201d, European History Quarterly, 53 (2), 2023, 277-296. https:\/\/doi.org\/10.1177\/02656914231163098<br \/>\u2022 \u201cEl siglo de las mujeres, el siglo de las grandes guerras\u201d. La Maleta de Portbou (Galaxia Gutenberg), 61, 2023, 51-57\u201cEl significado del cuerpo en los debates feministas en Espa\u00f1a desde la transici\u00f3n hasta la actualidad\u201d, in Cuerpos diversos. Est\u00e9ticas de diversidad corporal en Espa\u00f1a y Am\u00e9rica Latina en los siglos XX y XXI (ed. Berit Callsen, Philipp Seidel). Berl\u00edn, edition tranv\u00eda-Verlag Walter Frey, 2023, 175-188.<br \/>\u2022 \u201cEl Don Juan espa\u00f1ol, un s\u00edmbolo pol\u00e9mico para una naci\u00f3n plural (1900-1940)\u201d, en Vivir la naci\u00f3n. Nuevos debates sobre el nacionalismo espa\u00f1ol (ed. Xavier Andreu Miralles), Granada, Comares, 2019, pp. 187-212<br \/>\u2022 \u201cLa historia de las masculinidades, la otra cara de la historia de g\u00e9nero\u201d, Ayer, n\u00fam. 117, 2020, pp. 13-31.<br \/>\u2022 \u201cA Fight for Real Men: Gender and Nation-Building during the Primo de Rivera Dictatorship (1923\u20131930)\u201d, European History Quarterly, Vol. 50, no. 2, 2020, pp. 248-65. https:\/\/doi.org\/10.1177\/0265691420910947<br \/>\u2022 \u201cWomen Warriors or Mothers of the Fatherland: Hero Cults and Gender in Basque Nationalism\u201d, Women Warriors and National Heroes. Global Histories (ed. Boyd Cothran, Joan Judge, Adrian Shubert), Londres, Nueva York, Bloomsbury, 2020, pp. 55-72. DOI: 10.5040\/9781350140301.ch-004<br \/>\u2022 \u201cEl feminismo de Emilia Pardo Baz\u00e1n\u201d, Emilia Pardo Baz\u00e1n.El reto de la modernidad (ed. Isabel Burdiel), Madrid, Comunidad de Madrid. Publicaciones Oficiales, 2021, pp. 77-90.<br \/>\u2022 With Maialen Aranguren,\u201cMujeres por encima de todo. El movimiento feminista aut\u00f3nomo vasco (1973-1994)\u201d, en Una nueva historia de los feminismos ib\u00e9ricos (ed. Silvia Berm\u00fadez, Roberta Johnson), Valencia, Tirant Humanidades, 2021, pp. 469-478.<br \/>\u2022 \u201cO feminismo de Emilia Pardo Baz\u00e1n\u201d, Emilia Pardo Baz\u00e1n. O reto da modernidade (ed. Isabel Burdiel), Coru\u00f1a, Concello da Coru\u00f1a, 2021, pp. 53-60 y 148-152.<br \/>\u2022 With Miren Llona, \u201cSer mujer en el mundo que habit\u00f3 Clara Campoamor. Los ideales de g\u00e9nero en el primer tercio del siglo XX\u201d, Clara Campmor Rodr\u00edguez. Mujer y ciudadan\u00eda (1888-1972) (ed. Rosa M\u00aa Capel Mart\u00ednez), Madrid, Sociedad Estatal de Conmemoraciones Culturales, 2022, pp. 142-161.<br \/>\u2022 \u201cFeminismos y masculinidades: unarelaci\u00f3n con historia\u201d, BHH Bolet\u00edn Hisp\u00e1nico Helv\u00e9tico, 42, 2025, https:\/\/doi.org\/10.4000\/154ad<br \/>\u2022 \u201cGender and privilege. The singular femininity of Pilar Careaga in interwar Spain\u201d, JournalofIberian and Latin American Studies, 31(1), 2025, 33\u201347.<br \/>\u2022 Inmaculada Blasco, \u201cPensar el G\u00e9nero desde la Historia: propuestas y debates\u201d (introd. and ed.). Historia y Memoria,28, 2024: 11-20.<br \/>\u2022 \u201cEl feminismo de la transici\u00f3n: memoria y futuro\u201d. Comprometidas. Historia y memoria de la movilizaci\u00f3n de las mujeres durante el tardofranquismo y la transici\u00f3n (ed. Cristina G\u00f3mez Cuesta, Asunci\u00f3n Esteban Recio and Francisco Arriero Ranz).Granada: Comares, 2024: 1-14.<br \/>0.<\/p>\n<p><\/p>\n<p>PERFIL<br \/><a href=\"https:\/\/ehu.academia.edu\/NereaAresti\">https:\/\/ehu.academia.edu\/NereaAresti<\/a><br \/><a href=\"http:\/\/orcid.org\/0000-0001-8713-5220\" target=\"_blank\" rel=\"noopener noreferrer\">http:\/\/orcid.org\/<\/a><\/p>\n<p><\/p>\n<p>E-MAIL<br \/><a href=\"mailto:nerea.aresti@ehu.eus\">nerea.aresti@ehu.eus<\/a><\/p>\n<p>[\/et_pb_text][\/et_pb_column][\/et_pb_row][\/et_pb_section]<\/p>\n","protected":false},"excerpt":{"rendered":"<p>Nerea ArestiWith a PhD from the State University of New York and the University of the Basque Country (UPV\/EHU), Nerea Aresti is a professor at the latter specializing in gender history. Her work revolves around the study of identities and the way in which discourses shape the experience of male and female subjects. Worthy of [&hellip;]<\/p>\n","protected":false},"author":1,"featured_media":0,"parent":6156,"menu_order":0,"comment_status":"closed","ping_status":"closed","template":"","meta":{"_et_pb_use_builder":"on","_et_pb_old_content":"","_et_gb_content_width":"","footnotes":""},"class_list":["post-5221","page","type-page","status-publish","hentry"],"_links":{"self":[{"href":"https:\/\/experienciamoderna.com\/en\/wp-json\/wp\/v2\/pages\/5221","targetHints":{"allow":["GET"]}}],"collection":[{"href":"https:\/\/experienciamoderna.com\/en\/wp-json\/wp\/v2\/pages"}],"about":[{"href":"https:\/\/experienciamoderna.com\/en\/wp-json\/wp\/v2\/types\/page"}],"author":[{"embeddable":true,"href":"https:\/\/experienciamoderna.com\/en\/wp-json\/wp\/v2\/users\/1"}],"replies":[{"embeddable":true,"href":"https:\/\/experienciamoderna.com\/en\/wp-json\/wp\/v2\/comments?post=5221"}],"version-history":[{"count":31,"href":"https:\/\/experienciamoderna.com\/en\/wp-json\/wp\/v2\/pages\/5221\/revisions"}],"predecessor-version":[{"id":11515,"href":"https:\/\/experienciamoderna.com\/en\/wp-json\/wp\/v2\/pages\/5221\/revisions\/11515"}],"up":[{"embeddable":true,"href":"https:\/\/experienciamoderna.com\/en\/wp-json\/wp\/v2\/pages\/6156"}],"wp:attachment":[{"href":"https:\/\/experienciamoderna.com\/en\/wp-json\/wp\/v2\/media?parent=5221"}],"curies":[{"name":"wp","href":"https:\/\/api.w.org\/{rel}","templated":true}]}}

<p>[et_pb_section fb_built=&#8221;1&#8243; _builder_version=&#8221;4.16&#8243; global_colors_info=&#8221;{}&#8221;][et_pb_row _builder_version=&#8221;4.16&#8243; global_colors_info=&#8221;{}&#8221;][et_pb_column type=&#8221;4_4&#8243; _builder_version=&#8221;4.16&#8243; global_colors_info=&#8221;{}&#8221;][et_pb_text _builder_version=&#8221;4.16&#8243; global_colors_info=&#8221;{}&#8221;]</p>
<h1>Nerea Aresti</h1>
<p>[/et_pb_text][et_pb_text _builder_version=&#8221;4.27.4&#8243; hover_enabled=&#8221;0&#8243; global_colors_info=&#8221;{}&#8221; sticky_enabled=&#8221;0&#8243;]</p>
<p style="text-align: left;"><img decoding="async" class="alignleft" src="https://experienciamoderna.com/wp-content/uploads/" />With a PhD from the State University of New York and the University of the Basque Country (UPV/EHU), Nerea Aresti is a professor at the latter specializing in gender history. Her work revolves around the study of identities and the way in which discourses shape the experience of male and female subjects. Worthy of special mention is her pioneering work in historical studies of masculinities in Spain.</p>
<p></p>
<p style="text-align: left;">Aresti began her research career by probing into the ideals of femininity and masculinity in contemporary Spain, and into the sexual reform movement of the 1920s and 1930s. She has then gone on to study the cultural meaning of the body, the category ‘women’, the construction of sexual difference by Basque nationalism, Spanish masculinity with respect to the crisis of 1898 and Spanish nationalism itself, and the discursive strategies of contemporary feminism. She is currently researching feminist utopias.</p>
<p></p>
<p style="text-align: left;">BOOKS:</p>
<p></p>
<p><strong>• Masculinidades en tela de juicio. Hombres y género en el primer tercio del siglo XX (2010)</strong><br /><strong>• Médicos, donjuanes y mujeres modernas. Los ideales de feminidad y masculinidad en el primer tercio del siglo XX (2001)</strong><br /><strong>• </strong>Junto a Karin Peters y Julia Brünhe ha editado:<strong> ¿La España invertebrada? Masculinidad y nación en los inicios del siglo XX,</strong> Comares, 2016, donde colabora con el capítulo: “El langile respetable. Masculinidad, moral y trabajo en el nacionalismo vasco”.</p>
<p></p>
<p>OTHER RECENTS PUBLICATIONS:</p>
<p></p>
<p>• “Un movimiento de hombres. Masculinidad y política durante la dictadura de Primo de Rivera”, in Mujeres, género y nación en la dictadura de Miguel Primo de Rivera (ed. T. Ortega), Madrid, Sílex, 2022, 61-87.<br />• “Beyond Models: The Many Paths to Feminism in Modern Spain”, European History Quarterly, 53 (2), 2023, 277-296. https://doi.org/10.1177/02656914231163098<br />• “El siglo de las mujeres, el siglo de las grandes guerras”. La Maleta de Portbou (Galaxia Gutenberg), 61, 2023, 51-57“El significado del cuerpo en los debates feministas en España desde la transición hasta la actualidad”, in Cuerpos diversos. Estéticas de diversidad corporal en España y América Latina en los siglos XX y XXI (ed. Berit Callsen, Philipp Seidel). Berlín, edition tranvía-Verlag Walter Frey, 2023, 175-188.<br />• “El Don Juan español, un símbolo polémico para una nación plural (1900-1940)”, en Vivir la nación. Nuevos debates sobre el nacionalismo español (ed. Xavier Andreu Miralles), Granada, Comares, 2019, pp. 187-212<br />• “La historia de las masculinidades, la otra cara de la historia de género”, Ayer, núm. 117, 2020, pp. 13-31.<br />• “A Fight for Real Men: Gender and Nation-Building during the Primo de Rivera Dictatorship (1923–1930)”, European History Quarterly, Vol. 50, no. 2, 2020, pp. 248-65. https://doi.org/10.1177/0265691420910947<br />• “Women Warriors or Mothers of the Fatherland: Hero Cults and Gender in Basque Nationalism”, Women Warriors and National Heroes. Global Histories (ed. Boyd Cothran, Joan Judge, Adrian Shubert), Londres, Nueva York, Bloomsbury, 2020, pp. 55-72. DOI: 10.5040/9781350140301.ch-004<br />• “El feminismo de Emilia Pardo Bazán”, Emilia Pardo Bazán.El reto de la modernidad (ed. Isabel Burdiel), Madrid, Comunidad de Madrid. Publicaciones Oficiales, 2021, pp. 77-90.<br />• With Maialen Aranguren,“Mujeres por encima de todo. El movimiento feminista autónomo vasco (1973-1994)”, en Una nueva historia de los feminismos ibéricos (ed. Silvia Bermúdez, Roberta Johnson), Valencia, Tirant Humanidades, 2021, pp. 469-478.<br />• “O feminismo de Emilia Pardo Bazán”, Emilia Pardo Bazán. O reto da modernidade (ed. Isabel Burdiel), Coruña, Concello da Coruña, 2021, pp. 53-60 y 148-152.<br />• With Miren Llona, “Ser mujer en el mundo que habitó Clara Campoamor. Los ideales de género en el primer tercio del siglo XX”, Clara Campmor Rodríguez. Mujer y ciudadanía (1888-1972) (ed. Rosa Mª Capel Martínez), Madrid, Sociedad Estatal de Conmemoraciones Culturales, 2022, pp. 142-161.<br />• “Feminismos y masculinidades: unarelación con historia”, BHH Boletín Hispánico Helvético, 42, 2025, https://doi.org/10.4000/154ad<br />• “Gender and privilege. The singular femininity of Pilar Careaga in interwar Spain”, JournalofIberian and Latin American Studies, 31(1), 2025, 33–47.<br />• Inmaculada Blasco, “Pensar el Género desde la Historia: propuestas y debates” (introd. and ed.). Historia y Memoria,28, 2024: 11-20.<br />• “El feminismo de la transición: memoria y futuro”. Comprometidas. Historia y memoria de la movilización de las mujeres durante el tardofranquismo y la transición (ed. Cristina Gómez Cuesta, Asunción Esteban Recio and Francisco Arriero Ranz).Granada: Comares, 2024: 1-14.<br />0.</p>
<p></p>
<p>PERFIL<br /><a href="https://ehu.academia.edu/NereaAresti">https://ehu.academia.edu/NereaAresti</a><br /><a href="http://orcid.org/0000-0001-8713-5220" target="_blank" rel="noopener noreferrer">http://orcid.org/</a></p>
<p></p>
<p>E-MAIL<br /><a href="mailto:nerea.aresti@ehu.eus">nerea.aresti@ehu.eus</a></p>
<p>[/et_pb_text][/et_pb_column][/et_pb_row][/et_pb_section]</p>
