{"id":6613,"date":"2020-06-16T12:07:58","date_gmt":"2020-06-16T10:07:58","guid":{"rendered":"https:\/\/experienciamoderna.com\/about-us\/pilar-perez-fuentes\/"},"modified":"2024-02-07T15:32:18","modified_gmt":"2024-02-07T14:32:18","slug":"pilar-perez-fuentes","status":"publish","type":"page","link":"https:\/\/experienciamoderna.com\/en\/about-us\/pilar-perez-fuentes\/","title":{"rendered":"Pilar P\u00e9rez Fuentes"},"content":{"rendered":"<p>[et_pb_section fb_built=&#8221;1&#8243; _builder_version=&#8221;4.16&#8243; global_colors_info=&#8221;{}&#8221;][et_pb_row _builder_version=&#8221;4.16&#8243; global_colors_info=&#8221;{}&#8221;][et_pb_column type=&#8221;4_4&#8243; _builder_version=&#8221;4.16&#8243; global_colors_info=&#8221;{}&#8221;][et_pb_text _builder_version=&#8221;4.16&#8243; global_colors_info=&#8221;{}&#8221;]<\/p>\n<h1>Pilar P\u00e9rez Fuentes<\/h1>\n<p>[\/et_pb_text][et_pb_text _builder_version=&#8221;4.24.0&#8243; hover_enabled=&#8221;0&#8243; global_colors_info=&#8221;{}&#8221; sticky_enabled=&#8221;0&#8243;]<\/p>\n<p><img loading=\"lazy\" decoding=\"async\" class=\"wp-image-1612 size-full alignleft\" src=\"https:\/\/experienciamoderna.com\/wp-content\/uploads\/2020\/03\/pilar-perez1.jpg\" alt=\"\" width=\"165\" height=\"180\" \/>Historiadora. Actualmente es Colaboradora Acad\u00e9mica de la UPV\/EHU. Ha impartido cursos de postgrado en Georgetown University, Universidad Veracruzana y la Universidad de La Habana.<\/p>\n<p>Desde los inicios su trayectoria investigadora se centr\u00f3 en cuestiones referidas a la reproducci\u00f3n social desde la perspectiva de g\u00e9nero. Y m\u00e1s concretamente en el trabajo, instituci\u00f3n clave en la definici\u00f3n del sujeto en las sociedades modernas. El trabajo de las mujeres y su aportaci\u00f3n al bienestar de las familias ha constituido una l\u00ednea de investigaci\u00f3n que ha generado resultados muy innovadores en el campo de la historia socioecon\u00f3mica. El estudio de las estrategias y las econom\u00edas familiares desde esta perspectiva le ha llevado tambi\u00e9n a analizar la brecha de g\u00e9nero en el consumo intrafamiliar.<\/p>\n<p>Las investigaciones han estado guiadas por la cr\u00edtica feminista a los supuestos sobre los que se construye la naturaleza y la interpretaci\u00f3n de los fen\u00f3menos sociales y econ\u00f3micos. Cabe destacar el proyecto I+D+I del que ha sido investigadora principal: \u201cLa reconstrucci\u00f3n de la actividad econ\u00f3mica femenina en el Pa\u00eds Vasco 1825-1975\u2033 (2010-12) y la participaci\u00f3n en el proyecto europeo \u201cGender and Well-Being: Interaction between Work, family and Public Policies\u201d (2005-09). Entre las publicaciones destacan <i>Ganadores de pan y amas de casa: Otra mirada sobre la industrializaci\u00f3n vasca<\/i> (2004), <i>Gender Inequalities Households and the Production of Well-Being in Modern Europe<\/i> (2010) (coautora); \u201cTrabajo, familia e Instituciones: producci\u00f3n y distribuci\u00f3n de recursos para el bienestar. Siglos XVIII-XX\u201d (2012) (coautora); \u201cTrabajo infantil y g\u00e9nero en el Pa\u00eds Vasco, 1825-1935\u201d (2013) (coautora); \u201cWomen\u00b4s Economic participation in the eve of Industrialization. Bizkaia, Spain, 1825\u201d en <i>Feminist Economics<\/i> n\u00ba 33 (2014)<\/p>\n<p>Ha sido presidenta de la Asociaci\u00f3n Espa\u00f1ola de Investigaci\u00f3n de Historia de las Mujeres (2008-2010) y ha contribuido en varios libros colectivos: <i>Historia de las Mujeres en Espa\u00f1a y Am\u00e9rica Latina<\/i> (2006); <i>Las cient\u00edficas sociales en Espa\u00f1a: una investigaci\u00f3n-acci\u00f3n<\/i> (2007).<\/p>\n<p>Actualmente est\u00e1 interesada en la construcci\u00f3n de las identidades nacionales, g\u00e9nero y raza en Cuba en los siglos XIX y XX. El punto de partida ha sido una lectura renovada de los resultados de los proyectos de investigaci\u00f3n que dirigi\u00f3 (1996-2000): \u201cHogares, familias y comportamientos demogr\u00e1ficos\u201d, \u201cMatrimonio, cohabitaci\u00f3n y familia en la Cuba colonial: Color, condici\u00f3n y g\u00e9nero ante las estrategias de supervivencia y movilidad social\u201d. En los discursos sobre la representaci\u00f3n de la naci\u00f3n cubana que se interpelan entre 1868 y1899 la significaci\u00f3n de las diferentes pr\u00e1cticas sociales observadas constituyen el centro de los debates. De tal manera que las identidades raciales y de g\u00e9nero, la hermen\u00e9utica del cuerpo y la sexualidad son el utillaje fundamental para comprender las tensiones discursivas y emocionales en torno a la construcci\u00f3n del cuerpo de la naci\u00f3n. El proyecto formulado por las elites criollas incorpora un modelo de masculinidad hegem\u00f3nica cuya asunci\u00f3n es requisito del pacto de fraternidad entre las razas. La publicaci\u00f3n m\u00e1s reciente: \u201cBody to Body with the Liberals: The Association Movement of the \u201cColoured Race\u201d in Cuba, 1878-1898\u201d, en el libro editado por Mar\u00eda Sierra <i>Enemies Within: Cultural Hierarchies and Liberal Political Models In The Hispanic World<\/i> (2015).<\/p>\n<p>In 2023, she curated the exhibition: <em>Burdinazko emakumeak:<strong> historia eta memoria \/ Mujeres de hierro: historia y memoria<\/strong><\/em>, sponsored by the Provincial Council of Bizkaia. As a result of this exhibition, a book of the same title has been published. <a href=\"https:\/\/www.bizkaia.eus\/home2\/Archivos\/DPTO9\/Temas\/Pdf\/libro%20definitivo%20PDF%20para%20Web.pdf?hash=030077f75c9f5ad89b10296ab23a48a7\">https:\/\/www.bizkaia.eus\/home2\/Archivos\/DPTO9\/Temas\/Pdf\/libro%20definitivo%20PDF%20para%20Web.pdf?hash=030077f75c9f5ad89b10296ab23a48a7<\/a><\/p>\n<p>EMAIL<br \/><a href=\"mailto:pilar.perezfuentes@ehu.eus\">pilar.perezfuentes@ehu.eus<\/a><\/p>\n<p>[\/et_pb_text][\/et_pb_column][\/et_pb_row][\/et_pb_section]<\/p>\n","protected":false},"excerpt":{"rendered":"<p>Pilar P\u00e9rez FuentesHistoriadora. Actualmente es Colaboradora Acad\u00e9mica de la UPV\/EHU. Ha impartido cursos de postgrado en Georgetown University, Universidad Veracruzana y la Universidad de La Habana. Desde los inicios su trayectoria investigadora se centr\u00f3 en cuestiones referidas a la reproducci\u00f3n social desde la perspectiva de g\u00e9nero. Y m\u00e1s concretamente en el trabajo, instituci\u00f3n clave en [&hellip;]<\/p>\n","protected":false},"author":1,"featured_media":0,"parent":6156,"menu_order":0,"comment_status":"closed","ping_status":"closed","template":"","meta":{"_et_pb_use_builder":"on","_et_pb_old_content":"","_et_gb_content_width":"","footnotes":""},"class_list":["post-6613","page","type-page","status-publish","hentry"],"_links":{"self":[{"href":"https:\/\/experienciamoderna.com\/en\/wp-json\/wp\/v2\/pages\/6613","targetHints":{"allow":["GET"]}}],"collection":[{"href":"https:\/\/experienciamoderna.com\/en\/wp-json\/wp\/v2\/pages"}],"about":[{"href":"https:\/\/experienciamoderna.com\/en\/wp-json\/wp\/v2\/types\/page"}],"author":[{"embeddable":true,"href":"https:\/\/experienciamoderna.com\/en\/wp-json\/wp\/v2\/users\/1"}],"replies":[{"embeddable":true,"href":"https:\/\/experienciamoderna.com\/en\/wp-json\/wp\/v2\/comments?post=6613"}],"version-history":[{"count":3,"href":"https:\/\/experienciamoderna.com\/en\/wp-json\/wp\/v2\/pages\/6613\/revisions"}],"predecessor-version":[{"id":9499,"href":"https:\/\/experienciamoderna.com\/en\/wp-json\/wp\/v2\/pages\/6613\/revisions\/9499"}],"up":[{"embeddable":true,"href":"https:\/\/experienciamoderna.com\/en\/wp-json\/wp\/v2\/pages\/6156"}],"wp:attachment":[{"href":"https:\/\/experienciamoderna.com\/en\/wp-json\/wp\/v2\/media?parent=6613"}],"curies":[{"name":"wp","href":"https:\/\/api.w.org\/{rel}","templated":true}]}}

Pilar Pérez Fuentes

<p>[et_pb_section fb_built=&#8221;1&#8243; _builder_version=&#8221;4.16&#8243; global_colors_info=&#8221;{}&#8221;][et_pb_row _builder_version=&#8221;4.16&#8243; global_colors_info=&#8221;{}&#8221;][et_pb_column type=&#8221;4_4&#8243; _builder_version=&#8221;4.16&#8243; global_colors_info=&#8221;{}&#8221;][et_pb_text _builder_version=&#8221;4.16&#8243; global_colors_info=&#8221;{}&#8221;]</p>
<h1>Pilar Pérez Fuentes</h1>
<p>[/et_pb_text][et_pb_text _builder_version=&#8221;4.24.0&#8243; hover_enabled=&#8221;0&#8243; global_colors_info=&#8221;{}&#8221; sticky_enabled=&#8221;0&#8243;]</p>
<p><img loading="lazy" decoding="async" class="wp-image-1612 size-full alignleft" src="https://experienciamoderna.com/wp-content/uploads/2020/03/pilar-perez1.jpg" alt="" width="165" height="180" />Historiadora. Actualmente es Colaboradora Académica de la UPV/EHU. Ha impartido cursos de postgrado en Georgetown University, Universidad Veracruzana y la Universidad de La Habana.</p>
<p>Desde los inicios su trayectoria investigadora se centró en cuestiones referidas a la reproducción social desde la perspectiva de género. Y más concretamente en el trabajo, institución clave en la definición del sujeto en las sociedades modernas. El trabajo de las mujeres y su aportación al bienestar de las familias ha constituido una línea de investigación que ha generado resultados muy innovadores en el campo de la historia socioeconómica. El estudio de las estrategias y las economías familiares desde esta perspectiva le ha llevado también a analizar la brecha de género en el consumo intrafamiliar.</p>
<p>Las investigaciones han estado guiadas por la crítica feminista a los supuestos sobre los que se construye la naturaleza y la interpretación de los fenómenos sociales y económicos. Cabe destacar el proyecto I+D+I del que ha sido investigadora principal: “La reconstrucción de la actividad económica femenina en el País Vasco 1825-1975″ (2010-12) y la participación en el proyecto europeo “Gender and Well-Being: Interaction between Work, family and Public Policies” (2005-09). Entre las publicaciones destacan <i>Ganadores de pan y amas de casa: Otra mirada sobre la industrialización vasca</i> (2004), <i>Gender Inequalities Households and the Production of Well-Being in Modern Europe</i> (2010) (coautora); “Trabajo, familia e Instituciones: producción y distribución de recursos para el bienestar. Siglos XVIII-XX” (2012) (coautora); “Trabajo infantil y género en el País Vasco, 1825-1935” (2013) (coautora); “Women´s Economic participation in the eve of Industrialization. Bizkaia, Spain, 1825” en <i>Feminist Economics</i> nº 33 (2014)</p>
<p>Ha sido presidenta de la Asociación Española de Investigación de Historia de las Mujeres (2008-2010) y ha contribuido en varios libros colectivos: <i>Historia de las Mujeres en España y América Latina</i> (2006); <i>Las científicas sociales en España: una investigación-acción</i> (2007).</p>
<p>Actualmente está interesada en la construcción de las identidades nacionales, género y raza en Cuba en los siglos XIX y XX. El punto de partida ha sido una lectura renovada de los resultados de los proyectos de investigación que dirigió (1996-2000): “Hogares, familias y comportamientos demográficos”, “Matrimonio, cohabitación y familia en la Cuba colonial: Color, condición y género ante las estrategias de supervivencia y movilidad social”. En los discursos sobre la representación de la nación cubana que se interpelan entre 1868 y1899 la significación de las diferentes prácticas sociales observadas constituyen el centro de los debates. De tal manera que las identidades raciales y de género, la hermenéutica del cuerpo y la sexualidad son el utillaje fundamental para comprender las tensiones discursivas y emocionales en torno a la construcción del cuerpo de la nación. El proyecto formulado por las elites criollas incorpora un modelo de masculinidad hegemónica cuya asunción es requisito del pacto de fraternidad entre las razas. La publicación más reciente: “Body to Body with the Liberals: The Association Movement of the “Coloured Race” in Cuba, 1878-1898”, en el libro editado por María Sierra <i>Enemies Within: Cultural Hierarchies and Liberal Political Models In The Hispanic World</i> (2015).</p>
<p>In 2023, she curated the exhibition: <em>Burdinazko emakumeak:<strong> historia eta memoria / Mujeres de hierro: historia y memoria</strong></em>, sponsored by the Provincial Council of Bizkaia. As a result of this exhibition, a book of the same title has been published. <a href="https://www.bizkaia.eus/home2/Archivos/DPTO9/Temas/Pdf/libro%20definitivo%20PDF%20para%20Web.pdf?hash=030077f75c9f5ad89b10296ab23a48a7">https://www.bizkaia.eus/home2/Archivos/DPTO9/Temas/Pdf/libro%20definitivo%20PDF%20para%20Web.pdf?hash=030077f75c9f5ad89b10296ab23a48a7</a></p>
<p>EMAIL<br /><a href="mailto:pilar.perezfuentes@ehu.eus">pilar.perezfuentes@ehu.eus</a></p>
<p>[/et_pb_text][/et_pb_column][/et_pb_row][/et_pb_section]</p>

<p>Pilar Pérez FuentesHistoriadora. Actualmente es Colaboradora Académica de la UPV/EHU. Ha impartido cursos de postgrado en Georgetown University, Universidad Veracruzana y la Universidad de La Habana. Desde los inicios su trayectoria investigadora se centró en cuestiones referidas a la reproducción social desde la perspectiva de género. Y más concretamente en el trabajo, institución clave en [&hellip;]</p>
