{"id":6323,"date":"2020-06-10T09:39:12","date_gmt":"2020-06-10T07:39:12","guid":{"rendered":"https:\/\/experienciamoderna.com\/nor-gara\/eider-de-dios\/"},"modified":"2024-12-19T18:03:09","modified_gmt":"2024-12-19T17:03:09","slug":"eider-de-dios","status":"publish","type":"page","link":"https:\/\/experienciamoderna.com\/eu\/nor-gara\/eider-de-dios\/","title":{"rendered":"Eider de Dios"},"content":{"rendered":"<p>[et_pb_section fb_built=&#8221;1&#8243; _builder_version=&#8221;4.16&#8243; global_colors_info=&#8221;{}&#8221;][et_pb_row _builder_version=&#8221;4.16&#8243; global_colors_info=&#8221;{}&#8221;][et_pb_column type=&#8221;4_4&#8243; _builder_version=&#8221;4.16&#8243; global_colors_info=&#8221;{}&#8221;][et_pb_text _builder_version=&#8221;4.16&#8243; global_colors_info=&#8221;{}&#8221;]<\/p>\n<h1>Eider de Dios<\/h1>\n<p>[\/et_pb_text][et_pb_text _builder_version=&#8221;4.20.0&#8243; hover_enabled=&#8221;0&#8243; global_colors_info=&#8221;{}&#8221; sticky_enabled=&#8221;0&#8243;]<\/p>\n<p style=\"text-align: left;\"><img loading=\"lazy\" decoding=\"async\" class=\"wp-image-1582 size-full alignleft\" src=\"https:\/\/experienciamoderna.com\/wp-content\/uploads\/2020\/03\/Eider-de-Dios2.jpg\" alt=\"\" width=\"165\" height=\"180\" \/>Eider de Dios Fern\u00e1ndez <u><strong>Irakasle Atxikia da Barakaldon Politika Publikoak eta Historia Ekonomikoa Sailan<\/strong> (EHU).B<\/u>arakaldon jaio zen 1985ean, eta Historian lizentziaduna da Deustuko Unibertsitatean (2003-2007). Historia Garaikideko Unibertsitate-barneko masterra egin ondoren, 2008an Ikertzaileak Trebatzeko beka eman zioten. 2016an defendatu zuen bere doktorego-tesia: Sirvienta, empleada, trabajadora de Hogar. Clase, g\u00e9nero e identidad en el Gran Bilbao a trav\u00e9s del servicio dom\u00e9stico (1939-1985) (\u00abZerbitzaria, enplegatua, etxeko langilea. Generoa, klasea eta identitatea frankismo-aldian eta trantsizioan, etxeko zerbitzuaren ikuspuntutik, 1939-1985\u00bb), Mercedes Arbaizak eta Miren Llonak zuzenduta. 2017an, XXVII. Victoria Kent Ikerkuntzako Nazioarteko Saria jaso zuen eta el VIII. Miguel Artola Saria.\u00a0<\/p>\n<p style=\"text-align: left;\">Generoaren historian eta ahozko historian kokatzen da haren ikerketa. Bereziki interesatzen zaizkio emakume langilearen identitatea eraikitzeko prozesua, etxeko langileen bilakaera, frankismo-aldian emigranteak Euskal Herrira egokitzeko prozesua eta Bilbo Handian desarrollismotik trantsiziora arte izan ziren gizarte-aldaketa handiak Memoria, subjektibotasuna, diskurtsoa eta esperientzia dira haren ikerketaren <span style=\"text-decoration: line-through;\">lau<\/span> zutabeak.<u>Azken urteetan, eta doktorego ondoko bi bekaren bidez (EHU 2018, Eusko Jaurlaritza 2020), interesatu dalangileen maskulinitatea eta bere krisia Euskal Herrian, Ingalaterrako Iparraldean eta Eskozian. <\/u><\/p>\n<p>Javier D\u00edaz Freirek eta Mercedes Arbaiza Vilallongak koordinatutako proiektuetan hartu du parte. Ikerketa-egonaldiak egin ditu Madrilgo Universidad Autonoman (2012), Leedseko Unibertsitatean (2017), Carlos IIIan (2019) eta Glasgowko Unibertsitatean (2019).<\/p>\n<p><strong>Berak idatzitako argitalpenen artean nabarmen daitezke, besteak beste:<\/strong><\/p>\n<ul>\n<li>DE DIOS FERN\u00c1NDEZ, Eider, Sirvienta, empleada, trabajadora de hogar. G\u00e9nero, clase e identidad en el franquismo y la transici\u00f3n a trav\u00e9s del servicio dom\u00e9stico (1939-1995), Universidad de M\u00e1laga, M\u00e1laga, 2018.<br \/>Jaso zuen Premio a la Mejor Monograf\u00eda en las \u00e1reas de Ciencias Jur\u00eddicas y Sociales. XXII Convocatoria de los Premios Nacionales de Edici\u00f3n Universitaria.<\/li>\n<li><u>DE DIOS FERN\u00c1NDEZ, Eider,\u201c<\/u><a href=\"https:\/\/revistaseug.ugr.es\/index.php\/arenal\/article\/view\/22823\">Las chicas yey\u00e9, las amas de casa de sopa de sobre y otras mujeres modernas (Espa\u00f1a 1955-1975)<\/a><u>\u201d, Arenal, 29.1. zenbakia, \u00a02022, 285-317 or. <\/u><u>Emakumeen Historiari buruzko Ikerketa AEIHM Artikulu saria irabazi zuen 2021ean.<\/u><\/li>\n<li><u>DE DIOS FERN\u00c1NDEZ, Eider y M\u00cdNGUEZ BLASCO, Ra\u00fal, \u201c<\/u><a href=\"https:\/\/onlinelibrary.wiley.com\/doi\/full\/10.1111\/1467-9809.12807\">Catholic Housewives in Transition: The Centres for the Promotion of Women between the Franco Dictatorship and Democracy in Spain (1960\u20131980)<\/a><u>\u201d, Journal of Religious History, 45.4. zenbakia, 2022, 623-643 or. <\/u><\/li>\n<li><u>\u00a0<\/u><u>DE DIOS FERN\u00c1NDEZ, Eider,\u201c<\/u><a href=\"https:\/\/web.archive.org\/web\/20240521050334\/https:\/\/repositori.uji.es\/xmlui\/bitstream\/handle\/10234\/197398\/9788418951282.pdf?sequence=5&amp;isAllowed=y\">Historia oral e historia de g\u00e9nero en el aula de historia actual<\/a><u>\u201d,REVERTER BA\u00d1\u00d3N y MOLIN\u00cd GIMENO, Alba (eds.), La Praxis feminista en clave transformadora, Universitat Jaume I, 2022, 473-486, or. <\/u><\/li>\n<li><u>\u00a0<\/u><u>CABANA IGLEISIA, Ana; ORTEGA L\u00d3PEZ, Teresa Mar\u00eda y DE DIOS FERN\u00c1NDEZ, Eider,Trajinar sin descanso: mantenedoras, cuidadoras y contramodelos. Un relato en femenino de la posguerra espa\u00f1ola, Historia del Presente, 38, zenbakia, 2021, 67-88 or. <\/u><\/li>\n<li><u>\u00a0<\/u><u>DE DIOS FERN\u00c1NDEZ, Eider, \u201c<\/u><a href=\"https:\/\/e-revistas.uc3m.es\/index.php\/HISPNOV\/article\/view\/5116\/3615\">Abnegadas, mon\u00e1rquicas, intelectuales, sindicalistas y delatoras. Las trabajadoras del servicio dom\u00e9stico, sus representaciones y movilizaciones<\/a><u>\u201d, Hispania Nova, 18. zenbakia, 2020, 517-550 or.<\/u><\/li>\n<li><u>\u00a0<\/u><u>DE DIOS FERN\u00c1NDEZ, Eidery M\u00cdNGUEZ BLASCO, Ra\u00fal, \u201c<\/u><a href=\"https:\/\/1mayo.ccoo.es\/6da5ad7eff8b9e771e53d1d076e9a354000001.pdf\">Del obrerismo na\u00eff al Cristo revolucionario: G\u00e9nero y clase en el discurso de la JOC (1955-1975)<\/a><u>\u201d, <\/u><u>Historia, trabajo y sociedad, 11. zenbakia, 2020, 121-140 or.<\/u><\/li>\n<li><u>\u00a0<\/u><u>DE DIOS FERN\u00c1NDEZ, Eider, \u201cDomesticando el hambre. El control del gasto en los hogares de los a\u00f1os cincuenta a trav\u00e9s del servicio dom\u00e9stico\u201d, HERN\u00c1NDEZ BURGOS, Claudio y DEL ARCO BLANCO, Miguel \u00c1ngel, <\/u><u>Esta es la Espa\u00f1a de Franco: los a\u00f1os cincuenta del franquismo, (1951-1959), Universidad de Zaragoza, 2020, 119-138 or.<\/u><\/li>\n<li><u>\u00a0<\/u><u>DE DIOS FERN\u00c1NDEZ, Eider y M\u00cdNGUEZ BLASCO, Ra\u00fal,\u201c<\/u><a href=\"https:\/\/revistes.uab.cat\/rubrica\/article\/view\/v9-n17-de-dios-minguez\/196-pdf-es\">En euskera y en cristiano: g\u00e9nero, religi\u00f3n y naci\u00f3n en el Pa\u00eds Vasco durante el franquismo<\/a><u>\u201d, R\u00fabrica Contempor\u00e1nea, 9,17. zenbakia, 2020, 99-117 or.<\/u><\/li>\n<li><u>\u00a0<\/u><u>M\u00cdNGUEZ BLASCO, Ra\u00fal y DE DIOS FERN\u00c1NDEZ, Eider, \u201cDesafiando el orden de g\u00e9nero de la Iglesia desde la base. La Asamblea Diocesana de Bilbao (1984-1987)\u201d, Alcores, 23. zenbakia, 2019, 81-10 or. <\/u><\/li>\n<li><u>\u00a0<\/u>DE DIOS FERN\u00c1NDEZ, Eider, \u201cMujeres y hombres en la Transici\u00f3n. Las mujeres trabajadoras y la crisis de la masculinidad obrera\u201d, Spagna Contemporanea,\u00a0\u00a055. zenbakia, 2019, 103-122 or.<\/li>\n<li>Rodr\u00edguez L\u00f3pez, Sof\u00eda eta de Dios Fern\u00e1ndez, Eider, \u201cRebeldes o sumisas, v\u00edctimas o verdugos. Introducci\u00f3n al dossier Mujer y Fascismo\u201d, Historia del presente, 32. zenbakia, 2018, 5-10 or.<\/li>\n<li>de Dios Fern\u00e1ndez, Eider, \u201cLa se\u00f1ora azul y las mujeres trabajadoras. La Secci\u00f3n Femenina en los a\u00f1os sesenta\u201d,<span style=\"text-decoration: line-through;\"> en<\/span> Historia del presente, 32. zenbakia, 2018, 57-72 or.<\/li>\n<li>de Dios Fern\u00e1ndez, Eider, \u201cTrabajadoras, \u00bfcat\u00f3licas?, \u00bffeministas? Las mujeres de la JOC en el tardofranquismo y la Transici\u00f3n\u201d, BLASCO HERRANZ, Inmaculada (koord.), Mujeres, hombres y catolicismo en la Espa\u00f1a contempor\u00e1nea: Nuevas visiones desde la historia, Tirant lo Blanch, Valencia, 235-255 or.<\/li>\n<li>de Dios Fern\u00e1ndez, Eider, \u201cLa reeducaci\u00f3n de las clases populares a trav\u00e9s del servicio dom\u00e9stico en la posguerra\u201d, Rom\u00e1n Ruiz, Gloria eta Santana Gonz\u00e1lez, Juan Antonio (koord.), Tiempo de dictadura: Experiencias cotidianas durante la guerra, el franquismo y la democracia, Prensas Universitarias de la Universidad de Granada, Granada, 2018, 91-108 or.<\/li>\n<li>DE DIOS FERN\u00c1NDEZ, Eider eta M\u00cdNGUEZ BLASCO, Ra\u00fal,\u201c<a href=\"https:\/\/rua.ua.es\/dspace\/bitstream\/10045\/61260\/3\/Feminismos_28_10.pdf\">De la obediencia a la protesta. Laicas cat\u00f3licas ante el Vaticano II<\/a>\u201d,\u00a0Feminismo\/s, 28. zenbakia, 2016, 213-233or.<\/li>\n<li>DE DIOS FERN\u00c1NDEZ, Eider, \u201c<a href=\"https:\/\/rua.ua.es\/dspace\/bitstream\/10045\/48131\/1\/Feminismos_23_02.pdf\">Domesticidad y familia: ambig\u00fcedad y contradicci\u00f3n en los modelos de feminidad en el franquismo<\/a>\u201d, Feminismo\/s, 23. zenbakia, 2014, 23-46 or.<\/li>\n<li>DE DIOS FERN\u00c1NDEZ, Eider, \u201c\u2018<a href=\"https:\/\/revistas.uam.es\/historiaautonoma\/article\/view\/456\/444\">Las que tienen que servir\u2019 y las servidas. La evoluci\u00f3n del servicio dom\u00e9stico en el franquismo y la construcci\u00f3n de la subjetividad femenina<\/a>\u201d,\u00a0Historia Aut\u00f3noma, 3. zenbakia, 2013, 97-111 or.<\/li>\n<\/ul>\n<p><a href=\"https:\/\/orcid.org\/0000-0002-4040-0098\">ORCID<\/a><br \/><a href=\"https:\/\/dialnet.unirioja.es\/servlet\/autor?codigo=3206468\">DIALNET<\/a> <br \/><a href=\"https:\/\/independent.academia.edu\/EiderDeDiosFernandez\">ACADEMIA.EDU<\/a> <\/p>\n<p><\/p>\n<p>[\/et_pb_text][\/et_pb_column][\/et_pb_row][\/et_pb_section]<\/p>\n","protected":false},"excerpt":{"rendered":"<p>Eider de DiosEider de Dios Fern\u00e1ndez Irakasle Atxikia da Barakaldon Politika Publikoak eta Historia Ekonomikoa Sailan (EHU).Barakaldon jaio zen 1985ean, eta Historian lizentziaduna da Deustuko Unibertsitatean (2003-2007). Historia Garaikideko Unibertsitate-barneko masterra egin ondoren, 2008an Ikertzaileak Trebatzeko beka eman zioten. 2016an defendatu zuen bere doktorego-tesia: Sirvienta, empleada, trabajadora de Hogar. Clase, g\u00e9nero e identidad en el [&hellip;]<\/p>\n","protected":false},"author":1,"featured_media":0,"parent":6299,"menu_order":0,"comment_status":"closed","ping_status":"closed","template":"","meta":{"_et_pb_use_builder":"on","_et_pb_old_content":"","_et_gb_content_width":"","footnotes":""},"class_list":["post-6323","page","type-page","status-publish","hentry"],"_links":{"self":[{"href":"https:\/\/experienciamoderna.com\/eu\/wp-json\/wp\/v2\/pages\/6323","targetHints":{"allow":["GET"]}}],"collection":[{"href":"https:\/\/experienciamoderna.com\/eu\/wp-json\/wp\/v2\/pages"}],"about":[{"href":"https:\/\/experienciamoderna.com\/eu\/wp-json\/wp\/v2\/types\/page"}],"author":[{"embeddable":true,"href":"https:\/\/experienciamoderna.com\/eu\/wp-json\/wp\/v2\/users\/1"}],"replies":[{"embeddable":true,"href":"https:\/\/experienciamoderna.com\/eu\/wp-json\/wp\/v2\/comments?post=6323"}],"version-history":[{"count":19,"href":"https:\/\/experienciamoderna.com\/eu\/wp-json\/wp\/v2\/pages\/6323\/revisions"}],"predecessor-version":[{"id":10523,"href":"https:\/\/experienciamoderna.com\/eu\/wp-json\/wp\/v2\/pages\/6323\/revisions\/10523"}],"up":[{"embeddable":true,"href":"https:\/\/experienciamoderna.com\/eu\/wp-json\/wp\/v2\/pages\/6299"}],"wp:attachment":[{"href":"https:\/\/experienciamoderna.com\/eu\/wp-json\/wp\/v2\/media?parent=6323"}],"curies":[{"name":"wp","href":"https:\/\/api.w.org\/{rel}","templated":true}]}}

<p>[et_pb_section fb_built=&#8221;1&#8243; _builder_version=&#8221;4.16&#8243; global_colors_info=&#8221;{}&#8221;][et_pb_row _builder_version=&#8221;4.16&#8243; global_colors_info=&#8221;{}&#8221;][et_pb_column type=&#8221;4_4&#8243; _builder_version=&#8221;4.16&#8243; global_colors_info=&#8221;{}&#8221;][et_pb_text _builder_version=&#8221;4.16&#8243; global_colors_info=&#8221;{}&#8221;]</p>
<h1>Eider de Dios</h1>
<p>[/et_pb_text][et_pb_text _builder_version=&#8221;4.20.0&#8243; hover_enabled=&#8221;0&#8243; global_colors_info=&#8221;{}&#8221; sticky_enabled=&#8221;0&#8243;]</p>
<p style="text-align: left;"><img loading="lazy" decoding="async" class="wp-image-1582 size-full alignleft" src="https://experienciamoderna.com/wp-content/uploads/2020/03/Eider-de-Dios2.jpg" alt="" width="165" height="180" />Eider de Dios Fernández <u><strong>Irakasle Atxikia da Barakaldon Politika Publikoak eta Historia Ekonomikoa Sailan</strong> (EHU).B</u>arakaldon jaio zen 1985ean, eta Historian lizentziaduna da Deustuko Unibertsitatean (2003-2007). Historia Garaikideko Unibertsitate-barneko masterra egin ondoren, 2008an Ikertzaileak Trebatzeko beka eman zioten. 2016an defendatu zuen bere doktorego-tesia: Sirvienta, empleada, trabajadora de Hogar. Clase, género e identidad en el Gran Bilbao a través del servicio doméstico (1939-1985) («Zerbitzaria, enplegatua, etxeko langilea. Generoa, klasea eta identitatea frankismo-aldian eta trantsizioan, etxeko zerbitzuaren ikuspuntutik, 1939-1985»), Mercedes Arbaizak eta Miren Llonak zuzenduta. 2017an, XXVII. Victoria Kent Ikerkuntzako Nazioarteko Saria jaso zuen eta el VIII. Miguel Artola Saria. </p>
<p style="text-align: left;">Generoaren historian eta ahozko historian kokatzen da haren ikerketa. Bereziki interesatzen zaizkio emakume langilearen identitatea eraikitzeko prozesua, etxeko langileen bilakaera, frankismo-aldian emigranteak Euskal Herrira egokitzeko prozesua eta Bilbo Handian desarrollismotik trantsiziora arte izan ziren gizarte-aldaketa handiak Memoria, subjektibotasuna, diskurtsoa eta esperientzia dira haren ikerketaren <span style="text-decoration: line-through;">lau</span> zutabeak.<u>Azken urteetan, eta doktorego ondoko bi bekaren bidez (EHU 2018, Eusko Jaurlaritza 2020), interesatu dalangileen maskulinitatea eta bere krisia Euskal Herrian, Ingalaterrako Iparraldean eta Eskozian. </u></p>
<p>Javier Díaz Freirek eta Mercedes Arbaiza Vilallongak koordinatutako proiektuetan hartu du parte. Ikerketa-egonaldiak egin ditu Madrilgo Universidad Autonoman (2012), Leedseko Unibertsitatean (2017), Carlos IIIan (2019) eta Glasgowko Unibertsitatean (2019).</p>
<p><strong>Berak idatzitako argitalpenen artean nabarmen daitezke, besteak beste:</strong></p>
<ul>
<li>DE DIOS FERNÁNDEZ, Eider, Sirvienta, empleada, trabajadora de hogar. Género, clase e identidad en el franquismo y la transición a través del servicio doméstico (1939-1995), Universidad de Málaga, Málaga, 2018.<br />Jaso zuen Premio a la Mejor Monografía en las áreas de Ciencias Jurídicas y Sociales. XXII Convocatoria de los Premios Nacionales de Edición Universitaria.</li>
<li><u>DE DIOS FERNÁNDEZ, Eider,“</u><a href="https://revistaseug.ugr.es/index.php/arenal/article/view/22823">Las chicas yeyé, las amas de casa de sopa de sobre y otras mujeres modernas (España 1955-1975)</a><u>”, Arenal, 29.1. zenbakia,  2022, 285-317 or. </u><u>Emakumeen Historiari buruzko Ikerketa AEIHM Artikulu saria irabazi zuen 2021ean.</u></li>
<li><u>DE DIOS FERNÁNDEZ, Eider y MÍNGUEZ BLASCO, Raúl, “</u><a href="https://onlinelibrary.wiley.com/doi/full/10.1111/1467-9809.12807">Catholic Housewives in Transition: The Centres for the Promotion of Women between the Franco Dictatorship and Democracy in Spain (1960–1980)</a><u>”, Journal of Religious History, 45.4. zenbakia, 2022, 623-643 or. </u></li>
<li><u> </u><u>DE DIOS FERNÁNDEZ, Eider,“</u><a href="https://web.archive.org/web/20240521050334/https://repositori.uji.es/xmlui/bitstream/handle/10234/197398/9788418951282.pdf?sequence=5&amp;isAllowed=y">Historia oral e historia de género en el aula de historia actual</a><u>”,REVERTER BAÑÓN y MOLINÍ GIMENO, Alba (eds.), La Praxis feminista en clave transformadora, Universitat Jaume I, 2022, 473-486, or. </u></li>
<li><u> </u><u>CABANA IGLEISIA, Ana; ORTEGA LÓPEZ, Teresa María y DE DIOS FERNÁNDEZ, Eider,Trajinar sin descanso: mantenedoras, cuidadoras y contramodelos. Un relato en femenino de la posguerra española, Historia del Presente, 38, zenbakia, 2021, 67-88 or. </u></li>
<li><u> </u><u>DE DIOS FERNÁNDEZ, Eider, “</u><a href="https://e-revistas.uc3m.es/index.php/HISPNOV/article/view/5116/3615">Abnegadas, monárquicas, intelectuales, sindicalistas y delatoras. Las trabajadoras del servicio doméstico, sus representaciones y movilizaciones</a><u>”, Hispania Nova, 18. zenbakia, 2020, 517-550 or.</u></li>
<li><u> </u><u>DE DIOS FERNÁNDEZ, Eidery MÍNGUEZ BLASCO, Raúl, “</u><a href="https://1mayo.ccoo.es/6da5ad7eff8b9e771e53d1d076e9a354000001.pdf">Del obrerismo naïf al Cristo revolucionario: Género y clase en el discurso de la JOC (1955-1975)</a><u>”, </u><u>Historia, trabajo y sociedad, 11. zenbakia, 2020, 121-140 or.</u></li>
<li><u> </u><u>DE DIOS FERNÁNDEZ, Eider, “Domesticando el hambre. El control del gasto en los hogares de los años cincuenta a través del servicio doméstico”, HERNÁNDEZ BURGOS, Claudio y DEL ARCO BLANCO, Miguel Ángel, </u><u>Esta es la España de Franco: los años cincuenta del franquismo, (1951-1959), Universidad de Zaragoza, 2020, 119-138 or.</u></li>
<li><u> </u><u>DE DIOS FERNÁNDEZ, Eider y MÍNGUEZ BLASCO, Raúl,“</u><a href="https://revistes.uab.cat/rubrica/article/view/v9-n17-de-dios-minguez/196-pdf-es">En euskera y en cristiano: género, religión y nación en el País Vasco durante el franquismo</a><u>”, Rúbrica Contemporánea, 9,17. zenbakia, 2020, 99-117 or.</u></li>
<li><u> </u><u>MÍNGUEZ BLASCO, Raúl y DE DIOS FERNÁNDEZ, Eider, “Desafiando el orden de género de la Iglesia desde la base. La Asamblea Diocesana de Bilbao (1984-1987)”, Alcores, 23. zenbakia, 2019, 81-10 or. </u></li>
<li><u> </u>DE DIOS FERNÁNDEZ, Eider, “Mujeres y hombres en la Transición. Las mujeres trabajadoras y la crisis de la masculinidad obrera”, Spagna Contemporanea,  55. zenbakia, 2019, 103-122 or.</li>
<li>Rodríguez López, Sofía eta de Dios Fernández, Eider, “Rebeldes o sumisas, víctimas o verdugos. Introducción al dossier Mujer y Fascismo”, Historia del presente, 32. zenbakia, 2018, 5-10 or.</li>
<li>de Dios Fernández, Eider, “La señora azul y las mujeres trabajadoras. La Sección Femenina en los años sesenta”,<span style="text-decoration: line-through;"> en</span> Historia del presente, 32. zenbakia, 2018, 57-72 or.</li>
<li>de Dios Fernández, Eider, “Trabajadoras, ¿católicas?, ¿feministas? Las mujeres de la JOC en el tardofranquismo y la Transición”, BLASCO HERRANZ, Inmaculada (koord.), Mujeres, hombres y catolicismo en la España contemporánea: Nuevas visiones desde la historia, Tirant lo Blanch, Valencia, 235-255 or.</li>
<li>de Dios Fernández, Eider, “La reeducación de las clases populares a través del servicio doméstico en la posguerra”, Román Ruiz, Gloria eta Santana González, Juan Antonio (koord.), Tiempo de dictadura: Experiencias cotidianas durante la guerra, el franquismo y la democracia, Prensas Universitarias de la Universidad de Granada, Granada, 2018, 91-108 or.</li>
<li>DE DIOS FERNÁNDEZ, Eider eta MÍNGUEZ BLASCO, Raúl,“<a href="https://rua.ua.es/dspace/bitstream/10045/61260/3/Feminismos_28_10.pdf">De la obediencia a la protesta. Laicas católicas ante el Vaticano II</a>”, Feminismo/s, 28. zenbakia, 2016, 213-233or.</li>
<li>DE DIOS FERNÁNDEZ, Eider, “<a href="https://rua.ua.es/dspace/bitstream/10045/48131/1/Feminismos_23_02.pdf">Domesticidad y familia: ambigüedad y contradicción en los modelos de feminidad en el franquismo</a>”, Feminismo/s, 23. zenbakia, 2014, 23-46 or.</li>
<li>DE DIOS FERNÁNDEZ, Eider, “‘<a href="https://revistas.uam.es/historiaautonoma/article/view/456/444">Las que tienen que servir’ y las servidas. La evolución del servicio doméstico en el franquismo y la construcción de la subjetividad femenina</a>”, Historia Autónoma, 3. zenbakia, 2013, 97-111 or.</li>
</ul>
<p><a href="https://orcid.org/0000-0002-4040-0098">ORCID</a><br /><a href="https://dialnet.unirioja.es/servlet/autor?codigo=3206468">DIALNET</a> <br /><a href="https://independent.academia.edu/EiderDeDiosFernandez">ACADEMIA.EDU</a> </p>
<p></p>
<p>[/et_pb_text][/et_pb_column][/et_pb_row][/et_pb_section]</p>

<p>Eider de DiosEider de Dios Fernández Irakasle Atxikia da Barakaldon Politika Publikoak eta Historia Ekonomikoa Sailan (EHU).Barakaldon jaio zen 1985ean, eta Historian lizentziaduna da Deustuko Unibertsitatean (2003-2007). Historia Garaikideko Unibertsitate-barneko masterra egin ondoren, 2008an Ikertzaileak Trebatzeko beka eman zioten. 2016an defendatu zuen bere doktorego-tesia: Sirvienta, empleada, trabajadora de Hogar. Clase, género e identidad en el [&hellip;]</p>
